hat is -6 - (-15 - -18) - 12 - (10 - 1)?
-30
What is the value of (-6 - (1 + (4 - -5) - 44 - 0)) + 2?
30
What is the value of -17 + -18 - (-61 - -6)?
20
-33 + (46 - 79) + 65 + 3
2
Calculate (0 - -6 - (-5 - -23) - -9) + -5 + -66.
-74
0 + -40 + (3 - 11) + (15 - (14 - -4))
-51
(-8 - (-43 - -14)) + (0 - (28 + -10))
3
What is (-9 - -42) + -27 + -23 - (0 + 9)?
-26
What is the value of (103 - -1) + -1 + 6605 + -6620?
88
What is (-26 - -10) + -66 + 10 + -5 + 16?
-61
-183 - -238 - (139 + 13)
-97
(-77 - -66) + -18 + (3 - 3)
-29
(-9 - 1) + -78 + 57 + -28
-59
Evaluate 19 + -43 + (5 - 0 - (-49 + 43)).
-13
What is 58 + (8 - (4 - -7) - (-8 - -3 - -12))?
48
What is -10 - ((64 + (-20 - -14) - -13) + -18)?
-63
What is -1 + 2 - ((4 - 38 - -3) + 11)?
21
What is -54 + -1 - (7329 + -7443)?
59
What is -14 + (3 - 6) + -2 + -48 + 13?
-54
Evaluate -24 + 5 + -2 + (-224 - -265) - 20.
0
Calculate -24 + 19 + -3 + -5 - 13.
-26
What is 47 - (-22 - (32 - 65))?
36
Calculate 14 + 12 + (0 - (-14 + -9 + 38)).
11
Calculate -17 + (6 - -4) + 16 - 55.
-46
-1 - (1 - 14) - (1079 - 1029)
-38
Calculate -54 + 39 - ((-131 - -1) + -42 + 44).
113
Calculate (-178 - -190) + (-68 - 4 - -3) + 2 + -4.
-59
What is the value of -5 + (24 + (-21 - 8) - (-13 - -1))?
2
-1 + 2 + (-3 - 21) - (2010 - 2033)
0
Calculate (39 - (-3 + 2)) + -85 + (-48 - -134).
41
Evaluate 5 + 74 + (14 - (-143 - -162)).
74
Calculate (32 - 43) + -22 + -51.
-84
What is the value of -48 + 44 + -7 - 16?
-27
What is the value of 37 + 24 + -25 + -127 + -38?
-129
Evaluate (-10 - 13 - -16 - -28 - -61) + 0.
82
What is (-1 + -2 - 1 - ((-268 - -122) + 107)) + -7?
28
What is 2031 + -2061 - (31 + 2)?
-63
33 + -15 + 13 + -31 + 50
50
What is 15 + 157 + -169 + (-2 - -12)?
13
Calculate -85 + (91 - (-47 + 99)).
-46
Calculate (-540 - -476) + 0 + 63.
-1
Calculate (-4 - -4) + 1 - 10 - (2 - -19 - 2).
-28
Evaluate 0 + -1 + 46 - ((34 - 41) + -2 + 4).
50
Evaluate 2 + -4 - 61 - (1 + 14 - (-89 - -94)).
-73
What is the value of 10 - (-6749 + 6784 - (8 + (1 - 2) + 0))?
-18
92 + (-44 - -21) - -13
82
(-197 - -117) + 78 + -1 + 1 + -4 - -41
35
(-16 - 28) + -7 + (11 + 1 - (58 + -51))
-46
What is the value of (-20 - -29) + -12 - (-8 - (-21 + 7))?
-9
Evaluate -75 + (-6 - -12) + 10.
-59
What is the value of (68 - -2) + (103 - 112)?
61
What is -30 - 11 - 1 - (6 + -4)?
-44
Evaluate (-7 - (11 - ((19 - 15) + 11)) - 11) + -3.
-17
What is the value of -19 - (124 + -8 + 5 + 29 + -42)?
-127
Evaluate 4 + (-11 - -17 - 2 - -6 - -3).
17
Calculate 40 + (-8 + (-6 - -7) + (-13 - -2) - -8).
30
Calculate -30 + 70 + (31 - 67).
4
Evaluate -1 + 19 + (-81 - -34 - -8) + 28.
7
What is the value of -108 + 52 - (-114 + 112 - (-1 + 15))?
-40
(582 - 571) + (1 + -1 - (-1 + (3 - 1)))
10
What is the value of -116 + 121 + -55 - 33?
-83
What is (-54 + 57 - -38) + 7?
48
Evaluate 55 + -51 - (8 - (-9 - -14) - (-1 + 7)).
7
Calculate 12 + (-32 - -8) - (-3 - (3 + -11 - -13)).
-4
Evaluate -3 + 1 + 6 - (-28 - (6 + -19)).
19
-4 - (50 + 1 + -123)
68
-198 + 188 + 1 + -1 + (-4 - 19)
-33
What is -9 - (34 + 13 + (-24 - -9 - -8) + -1)?
-48
What is the value of 45 - (-44 - -158) - -30?
-39
Evaluate (-124 - 5) + 116 + 1 + -1.
-13
Calculate 27 + (-1 + 1 - -8) - (-3 - -5).
33
Calculate 16 - (48 - 23 - -34).
-43
What is (-105 - (14 + -38)) + 22 - (-5 + (-2 - -3))?
-55
What is the value of -55 - (-13 - (-4 + 50))?
4
What is the value of -38 + (32 + 27 - 10)?
11
What is the value of -81 + -72 - -105 - -111?
63
-34 - ((-12 - 9) + -75)
62
What is 80 - 86 - ((-17 - -19) + 4 + 1 + 81)?
-94
Calculate -7 + 18 - (17 + -5) - (1 + -49).
47
Calculate 0 + (9 - (-40 - -25) - (-3 - -4 - 6)).
29
-60 + -5 + 8 + 1 + (4 - 10) + -10
-72
Calculate 19 - ((-61 - -101) + (13 - -3)).
-37
What is 60 - (18 + -7 + -9 + (9 - 7))?
56
(-44 - (-78 + 155) - -5) + (2 + -1 - 7)
-122
What is -78 + (-10 - -20) + -14?
-82
What is the value of (-1 + -36 - (821 + -925)) + 35?
102
What is the value of (64 - (-39 + 5)) + (-18 - 0) + 10?
90
What is -53 + 82 + -58 + -2?
-31
(2 - -3 - 46) + -30 + 19 + 6
-46
What is the value of (-26 - (-25 + 6 + 4)) + (13 - 1) + 26?
27
Evaluate (0 - 4) + (24 - 7 - (-67 + 52)).
28
What is the value of -6 + 2 + -10 + (1 - -6) + (69 - 13)?
49
40 - 26 - -74 - (7 - -8) - 8
65
Evaluate 413 + -450 + (8 - -81).
52
Evaluate -57 + (2 - (2 + 4)) + 3 + -1297 + 1291.
-64
What is the value of (190 - 11) + -96 - 122?
-39
What is (4 - (-5 - -4)) + (-12 - (-2 + -12) - -7)?
14
What is (62 - -6) + -276 + 139?
-69
Evaluate (52 - (17 + -150)) + -101.
84
What is the value of 69 - 86 - (-18 + 2)?
-1
(-181 + 228 - (17 + (5 - 2) + -5)) + -6
26
Evaluate (0 + 1 - 1 - (164 + -162)) + (-41 - -34).
-9
Calculate 18 + -42 + (-30 - (32 + 16)).
-102
What is the value of 22 + (-19 - (8 + 9)) + -75?
-89
(6 + -9 - 9) + (-10 - 24)
-46
What is -2 + (19 - 17) + (4 - (3 + 1)) + -17?
-17
What is -35 + -2 + -8 + (4 - -17 - -2)?
-22
Calculate 43 + -133 + (6 - -5 - -5) + 10.
-64
What is -39 - 19 - -19 - (-27 - -5)?
-17
Calculate 24 + 7 + -11 + 0 + -24.
-4
Evaluate (2 - -30) + 61 + -52 + -8.
33
What is 47 + 48 + -122 + 37?
10
What is the value of 53 + -36 + 2 + -46 + -4 - (1 - 6)?
-26
What is the value of -48 + -5 + -77 + 83?
-47
What is (76 - 16 - 24) + -26?
10
6 + (33 - (23 - -4)) + 30
42
What is (23 - (18 + 4)) + -5 + (59 - -1)?
56
Evaluate 167 + -133 + -30 - 111.
-107
Calculate 8 - (-40 + 7 + -3 + -67 + 74 - 13).
50
Calculate (1 - -19) + -227 + 262 - (0 - -1).
54
Calculate 49 + (144 - 141) + (-4 - 2).
46
What is the value of 0 + (11 - 3) + (109 - (-127 + 267))?
-23
What is the value of 17 + (-4 - -26) + -24 + 12?
27
-10 - (5 + -20) - (-7 + -1 + (80 - 22))
-45
Evaluate (1 - ((-1 - -5) + 21)) + (-101 - -106).
-19
What is -2 - (24 + -60 + 16 + 0)?
18
Calculate ((73 - 70) + (0 - (6 - 1)) - 11) + 89.
76
What is the value of (75 - -134) + -133 - 139?
-63
Evaluate -2 + (0 - 4) + 1 + 1 + 512 + -498.
10
What is the value of -72 + (63 + 76 - 3)?
64
What is 10 + (-13 - 29) + (-2 + -3 - -3 - -10)?
-24
Evaluate (2 - -47) + 11 + 84 + -40.
104
What is (-8 - (-20 - -35 - 2)) + -100?
-121
Evaluate 1 + 21 + -1 + -4 - (3 + 46).
-32
Calculate 6 - (-5 + (-21 + 8 - -19) + (1 - -2)).
2
Calculate 8 + (-46 - -20) - -44.
26
What is (8 - (4 + -2 + -3)) + -145 + -64 + 143?
-57
-2 + 20 + (30 - (-12 - (-11 - 20)))
29
What is the value of (-2 + 45 - 33) + (-45 - -81)?
46
Calculate 9 + 1 + -7 + 64 + (13 - 34) + 15.
61
What is 34 + (-94 - -136 - -10)?
86
What is the value of -16 + 1 + -26 + 4 + 11?
-26
(-3 - (-3 - -1)) + 47 - (-3219 + 3226)
39
(7 - (-3 - -9) - -26) + 2
29
What is the value of 152 + (142 - 151) - 83?
60
What is the value of 4 + 0 + 23 - (709 - 708)?
26
What is -21 + 28 + -54 - -26?
-21
What is (36 + 31 - 44) + -14?
9
Evaluate 1 + 23 - (-40 + 31 + 89).
-56
Evaluate (-6 - 10) + (1 - 5 - 3).
-23
What is the value of -80 - (9 - 4) - (4456 - 4463)?
-78
What is the value of -6 + (2 - (5 - -2)) + 6 - -8 - 60?
-57
What is 14 - (-21 - -70) - -8?
-27
What is (14 + -48 + 1 - -9) + 31 + -76 + -1?
-70
What is (-44 + 14 - -26) + (4 - -48) - 6?
42
(71 + -3 - -1) + 48 + (-63 - -11)
65
Evaluate 52 + (-89 - -41) - -18.
22
Calculate 22 + -1 - (3 + -5 + (124 - 33)).
-68
What is 26 + (-81 + 37 - -19) + -1?
0
Calculate 428 + -470 - (-49 - 0) - (3 - -2).
2
What is 19 - (99 + (-35 - -32) - 3)?
-74
Calculate 34 - (-2 + 12 + -10).
34
Evaluate 27 + (39 - 54) + -49.
-37
-71 - (-8 + 0 + -30 + 20)
-53
What is -3 + -18 + 77 - ((-7 - -11) + -18)?
70
-110 - (-156 - (16 + 38))
100
What is the value of -320 + 264 + (20 - -6)?
-30
What is the value of 1 + 55 + -35 + -18?
3
Evaluate 15 + 8 + (-24 - -38) - (2 + -14).
49
64 + (39 - 95) - (26 - (-3 + 3))
-18
Evaluate (-325 - -316 - (-1 + 5 + -2 + -2)) + -50.
-59
Calculate -10 + -89 - -78 - (1 - -19).
-41
What is the value of 54 - (88 + -168 - -48)?
86
(-2 - -1 - (-90 - (-45 + -47))) + (1 - 54)
-56
-2 + -3 + (-1 - (-2 + -28 - 1))
25
Evaluate 16 - (8 - ((-2 - -23) + -10)) - -7.
26
41 - 5 - (-12 + 19)
29
-2 + 48 - (-473 - -510)
9
(-23 - -7) + -33 + 17
-32
What is 2 - (-961 - -981 - (0 + 2 + 8)) - -78?
70
Calculate (-33 - 3) + (-10 - -58).
12
Calculate 6 + 10 - ((0 - -13) + -25 + 37).
-9
-10 + (16 + 0 + 4 + 1 - -5)
16
What is -168 + 177 + (1 + 8 - 20)?
-2
2 - 157 - -173 - ((1 - 10) + -1)
28
Evaluate -12 + (-29 - -4 - 2).
-39
15 - (37 + (-41 - -33) + -34)
20
What is the va